{"id":33,"date":"2017-11-26T01:10:19","date_gmt":"2017-11-26T00:10:19","guid":{"rendered":"http:\/\/www.neptun-germering.de\/SSG_2017\/?page_id=33"},"modified":"2018-09-05T02:55:44","modified_gmt":"2018-09-05T00:55:44","slug":"mampfrichter","status":"publish","type":"page","link":"https:\/\/neptun-germering.de\/SSG_2017\/verein\/mampfrichter\/","title":{"rendered":"Kampfrichter"},"content":{"rendered":"<div class=\"fusion-fullwidth fullwidth-box fusion-builder-row-1 nonhundred-percent-fullwidth non-hundred-percent-height-scrolling\" style=\"background-color: rgba(255,255,255,0);background-position: center center;background-repeat: no-repeat;padding-top:0px;padding-right:0px;padding-bottom:0px;padding-left:0px;margin-bottom: 0px;margin-top: 0px;border-width: 0px 0px 0px 0px;border-color:#eae9e9;border-style:solid;\" ><div class=\"fusion-builder-row fusion-row\"><div class=\"fusion-layout-column fusion_builder_column fusion-builder-column-0 fusion_builder_column_1_1 1_1 fusion-one-full fusion-column-first fusion-column-last\" style=\"margin-top:0px;margin-bottom:20px;\"><div class=\"fusion-column-wrapper fusion-flex-column-wrapper-legacy\" style=\"background-position:left top;background-repeat:no-repeat;-webkit-background-size:cover;-moz-background-size:cover;-o-background-size:cover;background-size:cover;padding: 0px 0px 0px 0px;\"><div class=\"fusion-text fusion-text-1\"><h4><span style=\"display: inline !important; float: none; background-color: transparent; color: #333333; cursor: text; font-family: Georgia,'Times New Roman','Bitstream Charter',Times,serif; font-size: 16px; font-style: normal; font-variant: normal; font-weight: 400; letter-spacing: normal; orphans: 2; text-align: left; text-decoration: none; text-indent: 0px; text-transform: none; -webkit-text-stroke-width: 0px; white-space: normal; word-spacing: 0px;\"><i class=\"fb-icon-element-1 fb-icon-element fontawesome-icon fa fa-question-circle circle-no fusion-text-flow\" style=\"font-size:18px;margin-top:7px;\"><\/i><style>i.fb-icon-element.fontawesome-icon.fb-icon-element-1{ color: #333333;}i.fb-icon-element.fontawesome-icon.fb-icon-element-1:hover { color: #333333;}<\/style><\/span>\u00a0Warum brauchen wir Kampfrichter?<\/h4>\n<hr \/>\n<p>F\u00fcr die ordnungsgem\u00e4\u00dfe Abwicklung eines Wettkampfes wird ein funktionsf\u00e4higes Kampfgericht ben\u00f6tigt. Das Kampfgericht wird in der Regel durch die teilnehmenden Vereine gestellt und die Anzahl der zu stellenden Kampfrichter h\u00e4ngt von der Anzahl der Meldungen ab. Je nach Wettkampf m\u00fcssen wir zwischen 1 \u2013 3 Kampfrichter f\u00fcr jeden Wettkampfabschnitt stellen.<\/p>\n<h4><span style=\"display: inline !important; float: none; background-color: transparent; color: #333333; cursor: text; font-family: Georgia,'Times New Roman','Bitstream Charter',Times,serif; font-size: 16px; font-style: normal; font-variant: normal; font-weight: 400; letter-spacing: normal; orphans: 2; text-align: left; text-decoration: none; text-indent: 0px; text-transform: none; -webkit-text-stroke-width: 0px; white-space: normal; word-spacing: 0px;\"><i class=\"fb-icon-element-2 fb-icon-element fontawesome-icon fa fa-question-circle circle-no fusion-text-flow\" style=\"font-size:18px;margin-top:7px;\"><\/i><style>i.fb-icon-element.fontawesome-icon.fb-icon-element-2{ color: #333333;}i.fb-icon-element.fontawesome-icon.fb-icon-element-2:hover { color: #333333;}<\/style><\/span>\u00a0Wie setzt sich ein Kampfgericht zusammen?<\/h4>\n<hr \/>\n<p>Ein Kampfgericht besteht mindestens aus:<\/p>\n<ul>\n<li>1 Schiedsrichter<\/li>\n<li>1 Starter<\/li>\n<li>2 Auswerter<\/li>\n<li>1 Protokollf\u00fchrer<\/li>\n<li>1 Starter (gleichzeitig Schwimmrichter)<\/li>\n<li>1 Sprecher<\/li>\n<li>1 Zeitnehmer je Bahn<\/li>\n<li>1 Ersatzzeitnehmer<\/li>\n<li>3 Zielrichter (einer davon Zielrichterobmann),<\/li>\n<li>1 Wenderichter je 2 Bahnen<\/li>\n<li>1 Wenderichterobmann<\/li>\n<li>1 Schwimmrichter<\/li>\n<\/ul>\n<p>also in der Summe aus mindestens 20 Kampfrichter bei 5 Schwimmbahnen.<br \/>\nF\u00fcr eine schnellere Abwicklung wird das Zeitgericht oft doppelt besetzt, so dass je Bahn ein weiterer Kampfrichter (Zeitnehmer) notwendig wird. Bei einem Wettkampf mit 8 Bahnen sind das dann schon mal 31 Kampfrichter.<\/p>\n<h4><span style=\"display: inline !important; float: none; background-color: transparent; color: #333333; cursor: text; font-family: Georgia,'Times New Roman','Bitstream Charter',Times,serif; font-size: 16px; font-style: normal; font-variant: normal; font-weight: 400; letter-spacing: normal; orphans: 2; text-align: left; text-decoration: none; text-indent: 0px; text-transform: none; -webkit-text-stroke-width: 0px; white-space: normal; word-spacing: 0px;\"><i class=\"fb-icon-element-3 fb-icon-element fontawesome-icon fa fa-question-circle circle-no fusion-text-flow\" style=\"font-size:18px;margin-top:7px;\"><\/i><style>i.fb-icon-element.fontawesome-icon.fb-icon-element-3{ color: #333333;}i.fb-icon-element.fontawesome-icon.fb-icon-element-3:hover { color: #333333;}<\/style><\/span>\u00a0Was ist die Voraussetzung f\u00fcr den Einsatz als Kampfrichter?<\/h4>\n<hr \/>\n<p>Der Einsatz als Kampfrichter setzt die Teilnahme an einem eint\u00e4gigen Lehrgang voraus, in dem die notwendigen Kenntnisse vermittelt werden. Man sollte auch mit den Schwimmstilen vertraut sein (optisch! Man kann ruhig Nichtschwimmer sein).<br \/>\nDas Mindestalter f\u00fcr die Teilnahme an einer Ausbildung zum Wettkampfrichter betr\u00e4gt 14 Jahre.<\/p>\n<p>Nach Bestehen der Pr\u00fcfung darf man als Zeitnehmer, Wenderichter, Zielrichter und Schwimmrichter eingesetzt werden (Gruppe Wettkampfrichter).<\/p>\n<p>Die ersten drei Wettkampfeins\u00e4tze sind zum \u00dcben unter der Anleitung erfahrener Kampfrichter. Danach ist man eigenst\u00e4ndig t\u00e4tig und erh\u00e4lt das Kampfrichterheft.<\/p>\n<p>Eine Zusatzausbildung zum Starter (praktische Ausbildung), sowie zum Sprecher werden in speziellen Lehrg\u00e4ngen angeboten. Dabei ist f\u00fcr die Ausbildung zum Starter eine Lizenz der Gruppe Wettkampfrichter Voraussetzung.<\/p>\n<p>Die n\u00e4chste Stufe ist ein weiterer eint\u00e4giger Lehrgang zum Auswerter und Protokollf\u00fchrer (Gruppe Auswertung).<\/p>\n<p>Den Abschluss bildet die Ausbildung zum Schiedsrichter (Gruppe Schiedsrichter). Bewerber, die eine Ausbildung als Schiedsrichter anstreben, m\u00fcssen neben einer fachlichen und menschlichen Eignung folgende Voraussetzungen erf\u00fcllen:<\/p>\n<ul>\n<li>der Besitz einer g\u00fcltigen Kampfrichterlizenz mit den Gruppen Wettkampfrichter und Auswertung<\/li>\n<li>die erfolgreiche zus\u00e4tzliche Ausbildung zum Starter<\/li>\n<li>der Nachweise von mindestens zehn Kampfrichtereins\u00e4tzen in der Gruppe Wettkampfrichter, sowie Eins\u00e4tze als Starter und Auswerter in dem der Ausbildung zum Schiedsrichter unmittelbar vorangehendem Zeitraum von zwei Jahren.<\/li>\n<\/ul>\n<p>Der Schiedsrichter leitet den Wettkampf und muss gew\u00e4hrleisten, dass dieser ordnungsgem\u00e4\u00df abl\u00e4uft.<br \/>\nDa sich die Wettkampfregeln st\u00e4ndig weiterentwickeln, m\u00fcssen die Kampfrichter alle 3 Jahre eine Fortbildung besuchen.<\/p>\n<h4><i class=\"fb-icon-element-4 fb-icon-element fontawesome-icon fa fa-question-circle circle-no fusion-text-flow\" style=\"font-size:18px;margin-top:6px;\"><\/i><style>i.fb-icon-element.fontawesome-icon.fb-icon-element-4{ color: #333333;}i.fb-icon-element.fontawesome-icon.fb-icon-element-4:hover { color: #333333;}<\/style>\u00a0Warum sollte gerade ich das machen?<\/h4>\n<hr \/>\n<p>Je mehr Kampfrichter, desto weniger Eins\u00e4tze je Kampfrichter. Sollte die Anzahl der Kampfrichter sinken, k\u00f6nnen leider nicht mehr gen\u00fcgend Wettk\u00e4mpfe von uns besucht bzw. durchgef\u00fchrt werden. Das w\u00e4re sehr schade.<\/p>\n<h4><i class=\"fb-icon-element-5 fb-icon-element fontawesome-icon fa fa-question-circle circle-no fusion-text-flow\" style=\"font-size:18px;margin-top:6px;\"><\/i><style>i.fb-icon-element.fontawesome-icon.fb-icon-element-5{ color: #333333;}i.fb-icon-element.fontawesome-icon.fb-icon-element-5:hover { color: #333333;}<\/style>\u00a0Was bringt mir das?<\/h4>\n<hr \/>\n<p>Der pers\u00f6nliche Erfolg ist individuell. Kinder unterst\u00fctzen, Erfahrungen sammeln, Kontakte kn\u00fcpfen und Spa\u00df haben sind m\u00f6gliche Motivationen. Sie k\u00f6nnen in Wettk\u00e4mpfen ihr Erlerntes unter Beweis stellen. Alle Kampfrichter von der SSG Neptun Germering sind bestimmt gerne bereit, ihre Erfahrungen Ihnen mitzuteilen.<br \/>\nInteresse?<\/p>\n<p>Sollten Sie Fragen bez\u00fcglich Kampfrichter beim SSG Neptung Germering haben, stehe ich gerne zur Verf\u00fcgung.<br \/>\nVielen Dank!<br \/>\n<a href=\"mailto:Klaus.Vaitl@web.de\">Klaus.Vaitl@web.de<\/a><\/p>\n<\/div><div class=\"fusion-clearfix\"><\/div><\/div><\/div><\/div><\/div>\n","protected":false},"excerpt":{"rendered":"","protected":false},"author":1,"featured_media":0,"parent":541,"menu_order":0,"comment_status":"closed","ping_status":"closed","template":"","meta":{"footnotes":""},"class_list":["post-33","page","type-page","status-publish","hentry"],"_links":{"self":[{"href":"https:\/\/neptun-germering.de\/SSG_2017\/wp-json\/wp\/v2\/pages\/33","targetHints":{"allow":["GET"]}}],"collection":[{"href":"https:\/\/neptun-germering.de\/SSG_2017\/wp-json\/wp\/v2\/pages"}],"about":[{"href":"https:\/\/neptun-germering.de\/SSG_2017\/wp-json\/wp\/v2\/types\/page"}],"author":[{"embeddable":true,"href":"https:\/\/neptun-germering.de\/SSG_2017\/wp-json\/wp\/v2\/users\/1"}],"replies":[{"embeddable":true,"href":"https:\/\/neptun-germering.de\/SSG_2017\/wp-json\/wp\/v2\/comments?post=33"}],"version-history":[{"count":0,"href":"https:\/\/neptun-germering.de\/SSG_2017\/wp-json\/wp\/v2\/pages\/33\/revisions"}],"up":[{"embeddable":true,"href":"https:\/\/neptun-germering.de\/SSG_2017\/wp-json\/wp\/v2\/pages\/541"}],"wp:attachment":[{"href":"https:\/\/neptun-germering.de\/SSG_2017\/wp-json\/wp\/v2\/media?parent=33"}],"curies":[{"name":"wp","href":"https:\/\/api.w.org\/{rel}","templated":true}]}}