{"id":1694,"date":"2018-08-10T12:50:10","date_gmt":"2018-08-10T10:50:10","guid":{"rendered":"http:\/\/neptun-germering.de\/SSG_2017\/?page_id=1694"},"modified":"2026-03-20T08:59:05","modified_gmt":"2026-03-20T07:59:05","slug":"fortgeschritten","status":"publish","type":"page","link":"https:\/\/neptun-germering.de\/SSG_2017\/schwimmkurse\/anfaengerkurse-kinder\/fortgeschritten\/","title":{"rendered":"Fortgeschritten"},"content":{"rendered":"<div class=\"fusion-fullwidth fullwidth-box fusion-builder-row-1 nonhundred-percent-fullwidth non-hundred-percent-height-scrolling\" style=\"background-color: rgba(255,255,255,0);background-position: center center;background-repeat: no-repeat;padding-top:0px;padding-right:0px;padding-bottom:0px;padding-left:0px;margin-bottom: 0px;margin-top: 0px;border-width: 0px 0px 0px 0px;border-color:#eae9e9;border-style:solid;\" ><div class=\"fusion-builder-row fusion-row\"><div class=\"fusion-layout-column fusion_builder_column fusion-builder-column-0 fusion_builder_column_1_1 1_1 fusion-one-full fusion-column-first fusion-column-last\" style=\"margin-top:0px;margin-bottom:20px;\"><div class=\"fusion-column-wrapper fusion-flex-column-wrapper-legacy\" style=\"background-position:left top;background-repeat:no-repeat;-webkit-background-size:cover;-moz-background-size:cover;-o-background-size:cover;background-size:cover;padding: 0px 0px 0px 0px;\"><div class=\"fusion-text fusion-text-1\"><h4><strong><i class=\"fb-icon-element-1 fb-icon-element fontawesome-icon fa-users fas circle-no fusion-text-flow\" style=\"font-size:18px;margin-right:9px;\"><\/i><style>i.fb-icon-element.fontawesome-icon.fb-icon-element-1{ color: #333333;}i.fb-icon-element.fontawesome-icon.fb-icon-element-1:hover { color: #ffffff;}<\/style>\u00a0Teilnehmerzahl<\/strong><\/h4>\n<hr \/>\n<p>Maximal 7 Kinder im Alter von 5-7 Jahren<\/p>\n<h4><strong><i class=\"fb-icon-element-2 fb-icon-element fontawesome-icon fa-clipboard-check fas circle-no fusion-text-flow\" style=\"font-size:18px;margin-right:9px;\"><\/i><style>i.fb-icon-element.fontawesome-icon.fb-icon-element-2{ color: #333333;}i.fb-icon-element.fontawesome-icon.fb-icon-element-2:hover { color: #ffffff;}<\/style>\u00a0Voraussetzungen<\/strong><\/h4>\n<hr \/>\n<ul>\n<li>Das Kind m\u00f6chte schwimmen lernen (nicht nur die Eltern)!<\/li>\n<li>Es kann 25m am St\u00fcck schwimmen<\/li>\n<li>Es kann den Kopf angstfrei unter Wasser nehmen (nicht nur ruckhaft)<\/li>\n<li>Es verf\u00fcgt \u00fcber Atemkontrolle (Trennung Mund\/Nase, Atem anhalten, Tauchen ohne Nase zuhalten)<\/li>\n<li>Es kann sich 45 Minuten auf eine Lerneinheit konzentrieren (Einschulungseignung)<\/li>\n<li>Es folgt Lernanweisungen<\/li>\n<\/ul>\n<h4><strong><i class=\"fb-icon-element-3 fb-icon-element fontawesome-icon fa-hourglass-half fas circle-no fusion-text-flow\" style=\"font-size:18px;margin-right:9px;\"><\/i><style>i.fb-icon-element.fontawesome-icon.fb-icon-element-3{ color: #333333;}i.fb-icon-element.fontawesome-icon.fb-icon-element-3:hover { color: #ffffff;}<\/style>\u00a0Dauer<\/strong><\/h4>\n<hr \/>\n<p>Geplant sind 3 Module \u00e0 8 Lerneinheiten zu je 45 Minuten<\/p>\n<p>Modul 1: Wasserlage \/ Beinbewegung<br \/>\nModul 2: Armbewegung<br \/>\nModul 3: Atmung<\/p>\n<p>Kurs Montag 1, immer montags von 15:00 \u2013 15:45 Uhr<\/p>\n<p>Kurs Freitag 1, immer freitags von 16:00 \u2013 16:45 Uhr<\/p>\n<h4><strong><i class=\"fb-icon-element-4 fb-icon-element fontawesome-icon fa-euro-sign fas circle-no fusion-text-flow\" style=\"font-size:18px;margin-right:9px;\"><\/i><style>i.fb-icon-element.fontawesome-icon.fb-icon-element-4{ color: #333333;}i.fb-icon-element.fontawesome-icon.fb-icon-element-4:hover { color: #ffffff;}<\/style>\u00a0Kosten<\/strong><\/h4>\n<hr \/>\n<p>Modul 1: 134,00 \u20ac (inkl. Frontschnorchel, der in den Besitz \u00fcbergeht)<\/p>\n<p>Modul 2: 104,00 \u20ac<\/p>\n<p>Modul 3: 104,00 \u20ac<\/p>\n<h4><i class=\"fb-icon-element-5 fb-icon-element fontawesome-icon fa-exclamation fas circle-no fusion-text-flow\" style=\"font-size:18px;margin-right:9px;\"><\/i><style>i.fb-icon-element.fontawesome-icon.fb-icon-element-5{ color: #333333;}i.fb-icon-element.fontawesome-icon.fb-icon-element-5:hover { color: #ffffff;}<\/style>\u00a0Sonstiges<\/h4>\n<hr \/>\n<ul>\n<li>Geeignete, enganliegende Sport-Badebekleidung (keine Bermudas oder R\u00fcschen).<\/li>\n<li>Gut sitzende, abdichtende, nicht abschn\u00fcrende Sport-Schwimmbrille f\u00fcr Kinder (keine Taucherbrille, keine integrierte Nasenabdeckung).<\/li>\n<li>Kinder-Mittenschnorchel (kein Taucherschnorchel) &#8211; kann \u00fcber Verein f\u00fcr alle Kurskinder bezogen werden und geht nach Kursende in den Besitz des Kindes \u00fcber.<\/li>\n<li>Schwimmflossen mit weichem Blatt (keine Taucherflossen, Kurzflossen oder Flossen mit hartem Blatt) &#8211; werden im Kurs an die Kinder aus Vereinsbestand kostenfrei ausgeliehen.<br \/>\nF\u00fcr das selbstst\u00e4ndige, private \u00dcben sollten gleichartige Flossen erworben werden.<\/li>\n<li>Die Fortschritte der Kinder sind individuell unterschiedlich, der Kursverlauf richtet sich nach dem durchschnittlichen Lernfortschritt, nicht den am wenigsten fortschreitenden Kindern.<\/li>\n<li>Das Erreichen der Modul-Ziele ist unabdingbar erforderlich, um den weiterf\u00fchrenden Kurs zu beginnen, ansonsten wird das Kind \u00fcberfordert. Im Zweifel den noch nicht bew\u00e4ltigten Kurs ein zweites Mal absolvieren.<\/li>\n<li>F\u00fcr einige Hilfestellungen ist K\u00f6rperkontakt erforderlich.<\/li>\n<li>Das Kind soll schwimmen wollen &#8211; nicht die Eltern!<\/li>\n<li>M\u00f6glichst keine Vers\u00e4umnisstunden; die Inhalte der Kursstunden sind aufbauend gestaltet und gestatten keine st\u00e4ndigen R\u00fcckschritte.<\/li>\n<\/ul>\n<p>Sie f\u00f6rdern Ihr Kind nicht dadurch, dass Sie beim n\u00e4chsten Schwimmbadbesuch versuchen, zus\u00e4tzliche andere Inhalte zu vermitteln. Fragen Sie stattdessen, was es schon gelernt hat, lassen Sie sich dies zeigen. Korrigieren Sie nicht, sondern loben Sie. Versuchen Sie selbst, diese \u00dcbungen (aber nicht besser) zu machen. Ihr Kind wird stolz sein, was es schon kann. Gehen Sie m\u00f6glichst oft zus\u00e4tzlich mit dem Kind ins Schwimmbad und \u00fcben Sie gemeinsam und spielerisch das bisher Erlernte. Bei Problemen mit der Atemkontrolle und dem Schnorchel lassen Sie das Kind selbst\u00e4ndig und spielerisch in der Badewanne, einem gro\u00dfen Waschbecken oder einem Planschbecken \u00fcben.<\/p>\n<p>Durchgef\u00fchrt werden die Kurse von unseren erfahrenen und qualifizierten Trainer\/-innen in kleinen und effektiven Gruppen.<\/p>\n<p>Anmeldung per Mail an ssg@neptun-germering.de \u2013 Die Pl\u00e4tze werden nach Eingang der Mails vergeben.<\/p>\n<p><strong>Die n\u00e4chste Kursphase (Sept. 2026 &#8211; Mai 2027) ist bereits ausgebucht. Sie k\u00f6nnen Ihr Kind noch auf die Warteliste setzen lassen.<\/strong><\/p>\n<\/div><div class=\"fusion-clearfix\"><\/div><\/div><\/div><\/div><\/div>\n","protected":false},"excerpt":{"rendered":"","protected":false},"author":1,"featured_media":0,"parent":47,"menu_order":0,"comment_status":"closed","ping_status":"closed","template":"","meta":{"footnotes":""},"class_list":["post-1694","page","type-page","status-publish","hentry"],"_links":{"self":[{"href":"https:\/\/neptun-germering.de\/SSG_2017\/wp-json\/wp\/v2\/pages\/1694","targetHints":{"allow":["GET"]}}],"collection":[{"href":"https:\/\/neptun-germering.de\/SSG_2017\/wp-json\/wp\/v2\/pages"}],"about":[{"href":"https:\/\/neptun-germering.de\/SSG_2017\/wp-json\/wp\/v2\/types\/page"}],"author":[{"embeddable":true,"href":"https:\/\/neptun-germering.de\/SSG_2017\/wp-json\/wp\/v2\/users\/1"}],"replies":[{"embeddable":true,"href":"https:\/\/neptun-germering.de\/SSG_2017\/wp-json\/wp\/v2\/comments?post=1694"}],"version-history":[{"count":4,"href":"https:\/\/neptun-germering.de\/SSG_2017\/wp-json\/wp\/v2\/pages\/1694\/revisions"}],"predecessor-version":[{"id":5616,"href":"https:\/\/neptun-germering.de\/SSG_2017\/wp-json\/wp\/v2\/pages\/1694\/revisions\/5616"}],"up":[{"embeddable":true,"href":"https:\/\/neptun-germering.de\/SSG_2017\/wp-json\/wp\/v2\/pages\/47"}],"wp:attachment":[{"href":"https:\/\/neptun-germering.de\/SSG_2017\/wp-json\/wp\/v2\/media?parent=1694"}],"curies":[{"name":"wp","href":"https:\/\/api.w.org\/{rel}","templated":true}]}}