{"id":1690,"date":"2018-08-10T12:36:35","date_gmt":"2018-08-10T10:36:35","guid":{"rendered":"http:\/\/neptun-germering.de\/SSG_2017\/?page_id=1690"},"modified":"2026-03-20T08:56:54","modified_gmt":"2026-03-20T07:56:54","slug":"nichtschwimmer","status":"publish","type":"page","link":"https:\/\/neptun-germering.de\/SSG_2017\/schwimmkurse\/anfaengerkurse-kinder\/nichtschwimmer\/","title":{"rendered":"Nichtschwimmer"},"content":{"rendered":"<div class=\"fusion-fullwidth fullwidth-box fusion-builder-row-1 nonhundred-percent-fullwidth non-hundred-percent-height-scrolling\" style=\"background-color: rgba(255,255,255,0);background-position: center center;background-repeat: no-repeat;padding-top:0px;padding-right:0px;padding-bottom:0px;padding-left:0px;margin-bottom: 0px;margin-top: 0px;border-width: 0px 0px 0px 0px;border-color:#eae9e9;border-style:solid;\" ><div class=\"fusion-builder-row fusion-row\"><div class=\"fusion-layout-column fusion_builder_column fusion-builder-column-0 fusion_builder_column_1_1 1_1 fusion-one-full fusion-column-first fusion-column-last\" style=\"margin-top:0px;margin-bottom:20px;\"><div class=\"fusion-column-wrapper fusion-flex-column-wrapper-legacy\" style=\"background-position:left top;background-repeat:no-repeat;-webkit-background-size:cover;-moz-background-size:cover;-o-background-size:cover;background-size:cover;padding: 0px 0px 0px 0px;\"><div class=\"fusion-text fusion-text-1\"><h4><strong><i class=\"fb-icon-element-1 fb-icon-element fontawesome-icon fa-clipboard-check fas circle-no fusion-text-flow\" style=\"font-size:18px;margin-right:9px;\"><\/i><style>i.fb-icon-element.fontawesome-icon.fb-icon-element-1{ color: #333333;}i.fb-icon-element.fontawesome-icon.fb-icon-element-1:hover { color: #ffffff;}<\/style> Zielgruppe<\/strong><\/h4>\n<hr \/>\n<p>Kinder im Alter von 5 &#8211; 7 Jahren<\/p>\n<h4><strong><i class=\"fb-icon-element-2 fb-icon-element fontawesome-icon fa-clipboard-check fas circle-no fusion-text-flow\" style=\"font-size:18px;margin-right:9px;\"><\/i><style>i.fb-icon-element.fontawesome-icon.fb-icon-element-2{ color: #333333;}i.fb-icon-element.fontawesome-icon.fb-icon-element-2:hover { color: #ffffff;}<\/style>\u00a0Voraussetzungen<\/strong><\/h4>\n<hr \/>\n<p>Die Kinder m\u00fcssen schon an das Wasser gew\u00f6hnt sein und keine Angst davor haben.<\/p>\n<h4><strong><i class=\"fb-icon-element-3 fb-icon-element fontawesome-icon fa-swimmer fas circle-no fusion-text-flow\" style=\"font-size:18px;margin-right:9px;\"><\/i><style>i.fb-icon-element.fontawesome-icon.fb-icon-element-3{ color: #333333;}i.fb-icon-element.fontawesome-icon.fb-icon-element-3:hover { color: #ffffff;}<\/style>\u00a0Ziel<\/strong><\/h4>\n<hr \/>\n<p>In diesem Kurs liegt der Fokus auf den inhaltlichen Elementen der Wasserbew\u00e4ltigung (z.B. Gleiten, Tauchen mit ge\u00f6ffneten Augen, Atmen, Springen, Rotieren &#8211; aber keine Wassergew\u00f6hnung) und Wassersicherheit (zielgerichtete Fortbewegung ohne Hilfsmittel, zielgerichtetes Tauchen, Springen vom Beckenrand).<\/p>\n<h4><strong><i class=\"fb-icon-element-4 fb-icon-element fontawesome-icon fa-hourglass-half fas circle-no fusion-text-flow\" style=\"font-size:18px;margin-right:9px;\"><\/i><style>i.fb-icon-element.fontawesome-icon.fb-icon-element-4{ color: #333333;}i.fb-icon-element.fontawesome-icon.fb-icon-element-4:hover { color: #ffffff;}<\/style>\u00a0Dauer<\/strong><\/h4>\n<hr \/>\n<p>10 x 45 Minuten<\/p>\n<p>Kurs Montag 1, immer montags von 15:15 \u2013 16:00 Uhr<\/p>\n<p>Kurs Montag 2, immer montags von 16:05 &#8211; 16:50 Uhr<\/p>\n<p>Kurs Donnerstag 1, immer donnerstags von 15:30 &#8211; 16:15 Uhr<\/p>\n<h4><strong><i class=\"fb-icon-element-5 fb-icon-element fontawesome-icon fa-euro-sign fas circle-no fusion-text-flow\" style=\"font-size:18px;margin-right:9px;\"><\/i><style>i.fb-icon-element.fontawesome-icon.fb-icon-element-5{ color: #333333;}i.fb-icon-element.fontawesome-icon.fb-icon-element-5:hover { color: #ffffff;}<\/style> Kosten<\/strong><\/h4>\n<hr \/>\n<p>150,00 \u20ac<\/p>\n<h4><i class=\"fb-icon-element-6 fb-icon-element fontawesome-icon fa-exclamation fas circle-no fusion-text-flow\" style=\"font-size:18px;margin-right:9px;\"><\/i><style>i.fb-icon-element.fontawesome-icon.fb-icon-element-6{ color: #333333;}i.fb-icon-element.fontawesome-icon.fb-icon-element-6:hover { color: #ffffff;}<\/style>\u00a0Sonstiges<\/h4>\n<hr \/>\n<p>Durchgef\u00fchrt werden die Kurse von unseren erfahrenen und qualifizierten Trainer\/-innen in kleinen und effektiven Gruppen.<\/p>\n<p>Anmeldung per Mail an ssg@neptun-germering.de \u2013 Die Pl\u00e4tze werden nach Eingang der Mails vergeben.<\/p>\n<p><strong>Die Kurse mit Start September 2026 sind bereits ausgebucht, ebenso die Kurse ab Nov\/Dez.\u00a0<\/strong><\/p>\n<p><strong>Sie k\u00f6nnen Ihr Kind noch auf die Warteliste setzen.<\/strong><\/p>\n<\/div><div class=\"fusion-clearfix\"><\/div><\/div><\/div><\/div><\/div>\n","protected":false},"excerpt":{"rendered":"","protected":false},"author":1,"featured_media":0,"parent":47,"menu_order":0,"comment_status":"closed","ping_status":"closed","template":"","meta":{"footnotes":""},"class_list":["post-1690","page","type-page","status-publish","hentry"],"_links":{"self":[{"href":"https:\/\/neptun-germering.de\/SSG_2017\/wp-json\/wp\/v2\/pages\/1690","targetHints":{"allow":["GET"]}}],"collection":[{"href":"https:\/\/neptun-germering.de\/SSG_2017\/wp-json\/wp\/v2\/pages"}],"about":[{"href":"https:\/\/neptun-germering.de\/SSG_2017\/wp-json\/wp\/v2\/types\/page"}],"author":[{"embeddable":true,"href":"https:\/\/neptun-germering.de\/SSG_2017\/wp-json\/wp\/v2\/users\/1"}],"replies":[{"embeddable":true,"href":"https:\/\/neptun-germering.de\/SSG_2017\/wp-json\/wp\/v2\/comments?post=1690"}],"version-history":[{"count":5,"href":"https:\/\/neptun-germering.de\/SSG_2017\/wp-json\/wp\/v2\/pages\/1690\/revisions"}],"predecessor-version":[{"id":5615,"href":"https:\/\/neptun-germering.de\/SSG_2017\/wp-json\/wp\/v2\/pages\/1690\/revisions\/5615"}],"up":[{"embeddable":true,"href":"https:\/\/neptun-germering.de\/SSG_2017\/wp-json\/wp\/v2\/pages\/47"}],"wp:attachment":[{"href":"https:\/\/neptun-germering.de\/SSG_2017\/wp-json\/wp\/v2\/media?parent=1690"}],"curies":[{"name":"wp","href":"https:\/\/api.w.org\/{rel}","templated":true}]}}